9). Suppose 4*j - o*j = -8. Is 4 a factor of j?
True
Let g = -3 - -6. Does 6 divide (-9)/((18/(-8))/g)?
True
Let a(i) = -3*i**3 + 6*i**2 - i + 4. Let k(l) = -3*l**3 + 7*l**2 - l + 5. Let r(w) = 5*a(w) - 4*k(w). Let g be r(1). Does 7 divide (-2)/g + (7 - 1)?
True
Let b(q) = -3*q**2 + 5*q + 3. Let g be b(-4). Let z = -33 - g. Is 16 a factor of z?
True
Does 12 divide (15 - 4)*((-6)/(-1) - 2)?
False
Let p be 2*((-6)/(-4) - -3). Let z = 19 + p. Is 15 a factor of z?
False
Let h = 123 - 28. Is 31 a factor of h?
False
Suppose 4 = 3*b + 4*h, 3*h = -2*b + 2*h + 6. Suppose -4*x + 2*f = -3*f - 32, -b*x + 32 = -3*f. Let a = 1 + x. Is 7 a factor of a?
False
Let v = -1 - 1. Is 16 a factor of (3/2 + v)*-142?
False
Does 16 divide (8/1)/2 + 124?
True
Let o be 3/(-9) + (-7)/(-3). Suppose -o*s = 3*s - 25. Let z = 8 - s. Is z a multiple of 2?
False
Let p(u) = u**3 + 10*u**2 + 15*u + 4. Is 3 a factor of p(-8)?
True
Suppose -9 = 3*l - 6*l. Suppose 7*g - 174 = 2*g + l*j, j + 36 = g. Does 21 divide g?
False
Let i(r) = 8*r - 2. Suppose 0 = 25*o - 21*o - 4. Does 2 divide i(o)?
True
Let m(j) = j**3 + 1. Let n be m(1). Suppose a - n = -0. Suppose -f + 10 = -a*d - 6*f, 2*d = 3*f + 22. Does 3 divide d?
False
Let l be 1*(0 - (4 + -29)). Suppose -h + 17 = -0*h + 3*n, -h + 5*n = -l. Is h a multiple of 6?
False
Suppose -45 = -5*u + 25. Suppose g + u = 58. Is 22 a factor of g?
True
Let p be (-1)/((2/5)/(-2)). Suppose -5*a = 5*d - p, 3*a - 1 = -2*d + 2. Suppose d = 9*h - 7*h - 40. Is 7 a factor of h?
False
Suppose -2*w = -4*a + 2*a - 16, 0 = w + 5*a - 2. Suppose 5*f - l = w + 70, 0 = -5*l + 15. Is 8 a factor of f?
True
Is -3 - 224/(-12) - (-3)/9 even?
True
Let a(s) = 28*s - 25. Does 19 divide a(3)?
False
Let f(g) = 24*g + 3. Let v(u) = 8*u + 1. Let z = -6 - -2. Let p(i) = z*f(i) + 11*v(i). Is p(-2) a multiple of 13?
False
Let j = -41 + 23. Is 5 a factor of (-6)/j*1*30?
True
Let u be 0/(2 + 0 + 1). Suppose u - 80 = 5*d. Does 8 divide (1 - 6/3)*d?
True
Suppose -5*g + 3*n = -14, -16 = -3*g - 2*n - 0*n. Let z be (g + -7)/((-6)/4). Suppose -z*d = -0*d - 8. Is 3 a factor of d?
False
Is ((-7)/2)/(5/(-120)) a multiple of 24?
False
Suppose 0 = 2*n, 2*i - 3*n - 10 - 8 = 0. Suppose i*o + 46 = 10*o. Is o a multiple of 11?
False
Let j = -5 - -13. Let h = -1 - -4. Suppose -i - j = -h*i. Does 4 divide i?
True
Is 12 a factor of (-380)/(-8) + (-3)/2?
False
Let r = -121 + 231. Let q = -154 + r. Let f = -20 - q. Is f a multiple of 9?
False
Let g = 2 - -1. Suppose g*u - 140 = -26. Does 11 divide u?
False
Let l(i) = 2 + 3*i + 11 - 7. Is 11 a factor of l(9)?
True
Let m be (-35)/(-14)*(9 + 1). Suppose -5*n + 5*r + m = -3*n, -5*n + 78 = 3*r. Is 13 a factor of n?
False
Let c(o) = -27*o - 4. Let w be c(-4). Suppose -5*h - 104 = -2*k - 2*k, 4*k - 4*h - w = 0. Does 9 divide k?
False
Let i(z) = -z**3 + z**2 + 4*z - 3. Let l be i(2). Is ((-1)/l)/(2/(-36)) a multiple of 9?
True
Suppose 3*n + 12 = f, -3*f - 10 = -2*n - 32. Let q = f - 4. Suppose -2*p + q*u - 16 + 80 = 0, -4*p - 5*u = -92. Is p a multiple of 14?
True
Let m(j) = -23*j - 5. Let a(u) = 126*u + 27. Let n(h) = -5*a(h) - 27*m(h). Let d be n(-1). Let q = 21 - d. Is q a multiple of 5?
False
Let k be (-3 + -1 - -4)/((-1)/1). Suppose -3*n = 10 - 55. Suppose l = n - k. Is l a multiple of 4?
False
Let v(p) = -p**3 - 3*p**2 - 6*p - 1. Is v(-3) a multiple of 17?
True
Let j = 23 + -5. Does 18 divide j?
True
Let a be 1*-1 + 4 + 1. Let h = a + -4. Suppose h = 6*s - 2*s - 132. Is 11 a factor of s?
True
Let b(c) be the second derivative of c**5/60 - c**4/12 + c**3/6 - c**2/2 + c. Let i(y) be the first derivative of b(y). Does 9 divide i(4)?
True
Is 17 a factor of 357/(-14)*4/(-3)?
True
Let d(m) = -m**3 + m**2 - 8*m + 6. Is d(-4) a multiple of 9?
False
Suppose 0 = 4*h - 5*r + 169, r = -0*r + 5. Is 18 a factor of ((-7)/14)/(1/h)?
True
Suppose 2*l + 79 - 237 = 0. Let c = -25 + l. Is 15 a factor of c?
False
Suppose -69 = -3*d - 0*d. Suppose d = 2*j - 27. Is 10 a factor of j?
False
Let w be -1 + 2 - (-64)/2. Suppose -4*r = -2*x + 8, 2 = 4*x - 5*r - 8. Suppose x = 4*k - v - w, v = k - 3*v + 3. Does 4 divide k?
False
Let z = -30 - -49. Let w = -32 + 22. Let y = z + w. Is y a multiple of 9?
True
Let i(c) = -12*c + 1. Suppose 3*l + 4 = -l. Is 13 a factor of i(l)?
True
Suppose c + 0*c = 19. Is 13 a factor of c?
False
Is 11 a factor of -1 - 25/(-5) - -79?
False
Suppose -21 = -6*h + 135. Does 9 divide h?
False
Let o = -36 + 300. Is 44 a factor of o?
True
Let k(s) = s**2 - 7*s + 4. Suppose 2 = -4*y - 18. Let j = y + 13. Is 6 a factor of k(j)?
True
Let h(q) = q**2 + q + 18. Let o be h(0). Let l = o - 1. Is l a multiple of 14?
False
Suppose 2*z + 3*z - 275 = 0. Suppose d = 6*d - z. Is 3 a factor of d?
False
Let x = 249 + -138. Let y = 186 - x. Is y a multiple of 25?
True
Suppose 0 = -f, -5*q + 297 = -2*f - 233. Let u = q + -61. Is u a multiple of 14?
False
Suppose i = 5*m + 38, 0 = -4*i + 2*i + 5*m + 66. Is 4 a factor of i?
True
Suppose 2*r - 204 = -0*r. Is 15 a factor of r?
False
Let s(p) = 2*p**2 + 16*p + 4. Let a be s(-8). Let h(o) = 15*o + 1. Let u be h(3). Suppose -z = 5*g - 310, -z = g - a*z - u. Is 25 a factor of g?
False
Let p(r) = -r**3 - 6*r**2 + 2. Let d = -12 - -6. Let l be p(d). Suppose l*w - 15 = -3*w. Is 2 a factor of w?
False
Let u(x) be the third derivative of -x**6/120 - x**5/6 - x**4/2 - 11*x**3/6 - 3*x**2. Does 12 divide u(-9)?
False
Let l(b) = -b**3 + 8*b**2 - 6*b - 6. Let s be l(7). Is (-5 - -14)*s/1 a multiple of 4?
False
Let n be 0*(0 - -1)*1. Suppose -a - a + 56 = n. Is 7 a factor of (a/(1 + 0))/2?
True
Let t(g) = g - 9. Let k be t(11). Let z = k - 2. Suppose 2*h + 2*h - 128 = z. Does 16 divide h?
True
Let p(a) = a + 4. Let r be p(0). Let z = 31 - r. Does 9 divide z?
True
Let h = 14 - 9. Suppose 4*n + 12 = i + 5*n, -h*n = -i. Does 3 divide i?
False
Let n = -3 + 5. Suppose -4*f + 0 - 16 = 0, -n*b = -2*f - 10. Does 4 divide (-5)/(((-1)/2)/b)?
False
Let l(k) = k**3 - 6*k**2 + 5*k + 8. Suppose -15 = -2*v - 3. Is 10 a factor of l(v)?
False
Is 908/12 + (4/(-6) - 0) a multiple of 15?
True
Let o(t) = -t**3 + 9*t**2 + t - 9. Let v be o(9). Suppose -l - n = 644, -5*n + 2 - 27 = v. Is 2/5 + l/(-15) a multiple of 13?
False
Suppose 0 = 2*l - 3*n - 26, -l + 4*n + 13 = -5. Does 2 divide l?
True
Suppose 4*a = -4*y + 127 - 19, a - 83 = -3*y. Is y a multiple of 19?
False
Suppose -2*k - 16 = -2*n, -3*n + 34 = 2*n + k. Does 3 divide n?
False
Let z(x) = 36*x**2 + x - 1. Let r be z(-3). Suppose r = 5*v + 50. Is 18 a factor of v?
True
Suppose -3*b = -b. Suppose 20 = -j - b. Is 5 a factor of 10/4*j/(-5)?
True
Suppose 4*d = 64 - 0. Is d a multiple of 16?
True
Suppose -3*c + 183 = l, 0 = 2*l - c - 0*c - 352. Is l a multiple of 59?
True
Let p = 17 + -17. Suppose 0 = -9*b + 4*b + 3*x + 189, 4*b - 2*x - 150 = p. Is 18 a factor of b?
True
Suppose 36 = 2*x - 16. Suppose 2*y + x = 4*t, -2*y - 4 - 10 = -2*t. Does 6 divide t?
True
Let w be 0/(2 + 3/(-1)). Suppose 0 = -w*f - 5*f - 2*r + 247, -3*f = 3*r - 141. Is f a multiple of 17?
True
Let s = 11 - 7. Suppose -s*g + 23 = -5*u + 6, -u = 5*g - 14. Does 19 divide u/(-3)*(-2 - -71)?
False
Let r(y) = -y**3 + 26*y**2 - 10*y + 25. Is 29 a factor of r(25)?
False
Suppose 10*t + 82 = 12*t. Is t a multiple of 14?
False
Suppose -3*k + 0*k = -45. Suppose 3*j = k, j - 72 = -4*v + 9. Does 19 divide v?
True
Suppose -3*l = -5*h - 13, 5*h + 9 = -1. Let g(k) = 5*k + 2. Let n be g(2). Is 12/l*4/n a multiple of 4?
True
Suppose 15 + 15 = -5*u. Let l(a) = -2*a**2 - 4*a - 2. Let p be l(u). Let j = p - -72. Is j a multiple of 11?
True
Let o(d) = 3*d + 2. Let r = 27 - 18. Is o(r) a multiple of 8?
False
Let r be (-2)/(-3) + (-6)/9. Suppose 4*i + m - 65 = r, 0 = 2*i + m - 2*m - 37. Is i a multiple of 8?
False
Let p(t) = -16*t. Let d(o) = -8*o. Let w(z) = -5*d(z) + 2*p(z). Let a be w(6). Let v = a - 28. Is v a multiple of 8?
False
Suppose -2*m - 27 + 305 = 0. Is m a multiple of 9?
False
Let t = 88 + 15. Is t a multiple of 9?
False
Let u be (18/(-8))/((-5)/(-20)). Let f = u + 66. Is f a multiple of 17?
False
Let y(s) = -3*s - 11. Is y(-6) a multiple of 2?
False
Let o be ((-40)/(-2))/2 + -2. Suppose -2*t - 12 = 4*q, 4*q + o + 0 = 0. Is ((-93)/(-6))/(t/(-4)) a multiple of 12?
False
Suppose x - 12 = -2*x. Let k = -1 + x. Suppose 28 = k*l - 38. Is 11 a factor of l?
